. Let p be -7*(-1 + 0) + (-2 - -1). Suppose 3*s - p = 2*s. Determine d(s).
-8
Suppose u - 2*t = 4, u - 7 = 3*t + 1. Let r(m) = -2*m + 3. What is r(u)?
11
Let u(j) be the second derivative of -j**6/720 + 4*j**4/3 - 12*j. Let g(d) be the third derivative of u(d). Give g(5).
-5
Let h = -750 - -744. Let n(b) = b**3 + 4*b**2 - 7*b + 8. Calculate n(h).
-22
Suppose -3*q - 3*r - 1 - 2 = 0, 10 = -2*r. Suppose 0 = -3*w - j - q*j - 24, -2*j = 2*w + 12. Let n(k) = -2*k**2 - 5*k - 3. Give n(w).
-6
Let n(p) = 9*p + 8. Let r(b) = 10*b + 7. Let s(g) = 4*n(g) - 5*r(g). What is s(-2)?
25
Let w(f) = -f**3 - 5*f**2 - f + 6. Let t be w(-5). Let c = t + -8. Let q(r) be the second derivative of r**4/12 - 5*r**3/6 + 3*r**2/2 - r. Give q(c).
-3
Let i(z) = -z**2 + 4*z - 8. Let x be ((-12)/28)/(31/(-217)). Determine i(x).
-5
Let p(j) = -2*j + 17. Let s be (-6)/2 + -10 + 23. Let q be p(s). Let d be 2*(-3 - -4)*q. Let i(x) = x**3 + 5*x**2 - 8*x - 8. What is i(d)?
4
Let i be ((3 - 4) + 3)/(4/6). Let o(d) = d**3 - d**2 + d + 2. What is o(i)?
23
Suppose 0 = 5*n - 10*n. Let p = 3 + n. Let u(r) = r**2 + 4*r**3 + 4*r**3 - 3 + 0*r**p + r + 4. What is u(-1)?
-7
Let d be 19/(399/(-70))*(-6)/5. Let r(c) = c**3 - 3*c**2 - c - 1. Give r(d).
11
Let b = -3 + 5. Let o(f) be the first derivative of 3 + 1/3*f**3 - 2*f + f**2. Determine o(b).
6
Let h(o) = 16*o**3 - 67*o**2 + 56*o - 50. Let t(r) = 3*r**3 - 13*r**2 + 11*r - 9. Let k(w) = 2*h(w) - 11*t(w). Calculate k(8).
-9
Let d(h) = h**2 - 3*h - 18. Let g be d(6). Let t(v) = -v**3 + v + 8. Calculate t(g).
8
Let m(g) = g**3 - 8*g**2 - g + 11. Let f(q) = -62*q**2 + 3*q + 2. Let s be f(-1). Let j = -55 - s. What is m(j)?
3
Let d be 5/((-45)/(-209)) + (-2)/9. Suppose 0 = 5*v - d + 3, -3*z + 3*v = 0. Let t(s) = -s**3 + 5*s**2 - 4*s + 1. What is t(z)?
1
Let b(n) = -3 + 3 - 6*n**2 + 2*n + n**3. Let s = -1921 - -1926. What is b(s)?
-15
Let p(j) = 31*j - 4. Let w(x) = -52*x + 10. Let h(n) = 5*p(n) + 3*w(n). Give h(8).
2
Let z(d) be the third derivative of -d**5/60 - 7*d**4/24 - 3*d**3/2 + d**2. Suppose 7*u = -10 + 31. Suppose -4*i + 5*i - u = -3*a, -9 = i - a. What is z(i)?
-3
Let g(z) = z - 2. Let b(j) = -j**2 - 27*j + 157. Let k be b(5). What is g(k)?
-5
Let x(t) = -t**2 + 6*t + 6. Suppose -3*a + 9 = 12. Let j(f) = 6*f**2 - 3*f - 4. Let c be j(a). What is x(c)?
11
Let n = -192 - -189. Let z(b) = b. Give z(n).
-3
Let a = 23 - 17. Suppose 31*o - 34*o + a = 0. Let r(h) = -3*h. Give r(o).
-6
Let v(h) = -h**2 + 32*h - 192. Let d be v(8). Let y(w) = 5*w - 15. Let l(q) = 14*q - 46. Let s(f) = -4*l(f) + 11*y(f). Determine s(d).
19
Let u be (-6)/9 - (-4)/(-12). Let k(j) be the third derivative of 11*j**5/60 - 257*j**2. What is k(u)?
11
Let c be ((-4)/(-5))/((-4)/(-10)). Let i(k) = -5*k + 3*k + 3*k - 2*k**c + 1. What is i(2)?
-5
Let b(k) be the third derivative of -k**5/20 - k**3/3 - 321*k**2. Determine b(-3).
-29
Let o(u) = -2*u**2 + u + 1. Let a be (1 - 0)/(3/15). Let r be ((-2)/(-4))/(a/20). Let m(c) = c**3 - 2*c**2 - 2*c + 2. Let h be m(r). Give o(h).
-9
Let q(f) = -2*f**3 + f**2 + 2*f. Let h(d) = -d**3 + 4*d**2 + 44*d - 7. Let k be h(-5). Give q(k).
16
Let j(s) = -4*s - 2*s**2 - 1 - s + 3*s - 11*s**3. Let x(l) = l**2 + 5*l - 7. Let h be x(-6). Calculate j(h).
10
Let d(a) = -15*a - 13. Let m(c) = -7*c - 6. Let x(w) = -6*d(w) + 13*m(w). Give x(4).
-4
Let v(y) = -9*y. Let k = -25 - -33. Let u(n) = -8*n + 0 - 9 + k. Let r(s) = -7*u(s) + 6*v(s). Calculate r(-6).
-5
Let l(i) = 3*i - 1. Suppose -16*f = 25 + 71. Calculate l(f).
-19
Let j(o) be the third derivative of -o**6/120 - o**5/12 - o**4/24 + 4*o**3/3 - 12*o**2 + 6*o. Give j(-4).
-4
Suppose 4*x - 8 + 4 = 0. Let h be (-4)/(-2*(-4)/(-36)). Let l(m) = -2 - 3 - h*m + 4. What is l(x)?
-19
Suppose -3*y - 2*y = -4*o + 207, 2*o = y + 99. Suppose 4*k - o + 28 = 0. Let z(f) = -f**2 + 6*f + 2. What is z(k)?
7
Let j(n) = -14*n**3 - 27*n**2 - 7*n - 44. Let t be (-4*1 + 0)*(-731)/(-172). Let a(i) = 5*i**3 + 9*i**2 + 2*i + 15. Let k(l) = t*a(l) - 6*j(l). Calculate k(10).
-11
Let q(r) = r**2 - 13*r + 10. Suppose 0 = -3*m - t + 28, 0 = 3*m - 52*t + 54*t - 26. Give q(m).
-20
Let m(l) = -3*l**2 + 52*l - 17. Let t be m(17). Let c(x) = -x**2 + 3*x - 2. Calculate c(t).
-2
Let a(q) be the third derivative of -q**4/12 - 2*q**3 + 5*q**2 - 16. Give a(-8).
4
Let z(b) = b**2 + 5*b + 1. Let k = -6 + 7. Suppose -k = -2*f - 9. Give z(f).
-3
Suppose 4*r = 6*r - 4*l, 2 = 2*l. Let m(d) = d - 1. Determine m(r).
1
Let x(s) = 3*s - 10. Suppose 0 = -24*w - 48 - 120. What is x(w)?
-31
Let f be ((-30)/105)/(2/(-14)). Let q(v) = 0 - 116*v + 119*v - 1 + v**f. Determine q(-7).
27
Let n be (-12)/18 - 34/(-6). Let k(l) = -2*l + 4*l**2 - n*l**2 + 0*l**2 - 2. Let q be -1*(-3)/6*-4. Calculate k(q).
-2
Suppose 18*k - 9*k = 18. Let j(g) = -3*g**2 + 5*g - 5. Calculate j(k).
-7
Let g(q) = q**2 + 10*q + 11. Suppose 30 = 24*k + 222. What is g(k)?
-5
Suppose -198 = -72*i + 83*i. Let l(d) = -d**2 - 17*d + 22. Determine l(i).
4
Suppose -4*v + 2*v - z + 4 = 0, -2 = -v + 4*z. Let r(j) = -j**3 + 105*j**v - 2*j - 103*j**2 - 1 + 5*j. Determine r(3).
-1
Let o(n) = n + 7. Let v = -250 + 238. Give o(v).
-5
Let l = 1388 + -1383. Let h(q) = -q**3 + 4*q**2 - 3. Give h(l).
-28
Suppose 4*a + c = 21, 0 = 5*a - 0*c + 4*c - 40. Let d(l) = -7*l**2 + 25*l + 7. Let s be d(a). Let x(v) = -v**2 - 3*v - 7. Determine x(s).
-17
Let p(c) = -6*c - 4. Suppose -5*u = -5*y, 3*y - 4*y - 3*u + 4 = 0. Let k(l) = l. Let x(m) = y*p(m) + 8*k(m). Calculate x(6).
8
Let t(j) be the first derivative of j**4 - 2*j**3/3 + j**2/2 + 14. What is t(1)?
3
Suppose -3*m - 2*m = -0*m. Let b(i) = -2 + 2*i**2 - 2*i**2 + i**2 + 4*i + m*i**2. What is b(-5)?
3
Let i(k) = 2*k. Let u(j) = 2*j**3 + 21*j**2 + 9*j - 6. Let p be u(-10). Give i(p).
8
Let y be ((-42)/4)/(-7)*10. Let l = -12 + y. Let f(h) = -l + 0 + 3 + 4*h**2 + 3*h + 2*h**3. Give f(-2).
-6
Suppose 0 = 4*t - 5*f + 53, 0 = -3*t - 3*f + 25 - 31. Let o(i) = -i**2 - 5*i + 3. Give o(t).
-11
Let d(z) = 2 + 2 - 8 - 4*z. Let g = -462 - -458. Let j(t) = -t**2 - t - 1. Let q(k) = g*j(k) + d(k). Determine q(-1).
4
Let p(d) = -d**2 - 78 + 41*d + 77 - 36*d. Determine p(7).
-15
Let x(q) = -2*q - 2. Suppose 4*c = c - 9. Let z be (c - -2)*-1*5. Let j = 2 - z. Determine x(j).
4
Let m(t) = 627 - 2*t - 628 + 6*t - 3*t. Let j = 8 - 5. Give m(j).
2
Let r(x) = -x + 17. Let d(u) = 15*u**3 - u**2. Let j be d(1). Let b be (-16)/(-8)*j/4. Give r(b).
10
Let s(w) = -35*w**3 - 35*w**3 + 1 - 39*w**3 + 110*w**3 - 5*w**2. Calculate s(5).
1
Let r(i) = i**3 - 8*i**2 - 4*i + 12. Suppose 0 = 69*p - 61*p - 64. Give r(p).
-20
Let s(f) = 13*f**2 - 2*f + 23. Let l(w) = -29*w**2 + 4*w - 45. Let v(a) = -4*l(a) - 9*s(a). Calculate v(0).
-27
Let b(p) = 2*p - 58. Let m be b(32). Let z(g) = -m*g - 1 + 3*g + 5. What is z(5)?
-11
Let y(m) be the second derivative of m**4/6 - m**3 - m**2/2 + 230*m. Determine y(5).
19
Let z = 0 + -2. Let b(y) be the third derivative of y**5/20 + y**4/24 - y**3/6 - 24*y**2. Calculate b(z).
9
Let x = -4 + 11. Suppose 0 = -4*l - 4*o - 4 + 24, o - 3 = 0. Let v(b) = b**3 - 5*b**2 + 11 - 3*b**2 + 0 + 6*b - l. What is v(x)?
2
Suppose 9*p + 15 = 12*p. Suppose p*q + 20 + 20 = 5*g, -4*g = 5*q - 23. Let y(d) = -4*d**2 + 7*d**2 - 8*d - 1 - d**2 - d**2. Determine y(g).
-8
Let i(q) = -q**2 - 10*q - 5. Let m be -14 - -4*18/12. What is i(m)?
11
Let u(w) = w**2 - 5*w + 1. Suppose 5*z - 2 = 4*z. Suppose 2*j + 2*j + 28 = 4*h, 3*h = z*j + 16. Calculate u(h).
-5
Let h(z) = 8 - 2 + 12*z - 6*z + 4*z - 2*z**2. Give h(5).
6
Let d(r) = r + 3. Let s = -254 - -261. Give d(s).
10
Let g(k) = 11*k + 3 - 10*k + 8*k. Let z(v) = -19*v - 7. Let n(d) = -5*g(d) - 2*z(d). What is n(-1)?
6
Suppose -2*h + 11 - 1 = 0, 0 = -5*u - 5*h - 5. Let o(y) = -y - 5. Determine o(u).
1
Let g(o) = o**2 + 6*o - 3. Let c be g(-6). Let v be 0/(0 + 1/(-1)). Let s(j) = 2 + 50*j**3 - 51*j**3 + v + 5*j. Give s(c).
14
Let x(a) = -8*a**2 - 3*a - 3. Let z be x(-2). Let l = z + 35. Let g(q) be the first derivative of -q**4/4 + 7*q**3/3 - 7*q**2/2 + 2*q - 1. Calculate g(l).
-4
Let k(n) = 2*n - 2. Let h(g) = -11*g + 16. Let w(s) = h(s) + 4*k(s). Suppose -3*y + 4*d - 12 = -5*y, -y = -2*d - 6. What is w(y)?
-10
Suppose 25*q + 14 = 27*q. Let r(s) = -s**3 + 7*s**2 - 3*s - 7. Determine r(q).
-28
Suppose w = -6*w + 14. Let v(p) = w*p - 